What is x(u)?
-2
Let o(i) = i**3 - 15*i - 3200*i**2 - 6*i + 3218*i**2. Calculate o(-19).
38
Suppose 28*b - 5*y - 51 = 26*b, -3*y - 9 = 0. Let v(s) = s - 8. Calculate v(b).
10
Let n(y) be the third derivative of y**6/120 + y**5/20 - 11*y**4/24 - y**3/3 + 60*y**2 + 2*y. Calculate n(-5).
3
Let p(a) be the second derivative of -4*a**3/3 + 21*a. Let z = 0 - -1. Give p(z).
-8
Let l(a) = a**3 + 3*a**2 - a - 4. Let u = 40 - -29. Let c = 74 - u. Suppose -c = 16*v + 43. Determine l(v).
-1
Let u(l) = l**2 - 6*l. Let h(s) = -35*s + 2*s + 2*s**2 - 31 + 13*s - 3*s**2. Let x be h(-18). Calculate u(x).
-5
Let r(i) = 24 - 49*i + 149*i - 101*i. Give r(-3).
27
Let l = -43 - -51. Let n = l + -11. Let k(o) = 4 - 1798*o**2 + 1799*o**2 - 6 - 2. Give k(n).
5
Let o(s) be the second derivative of s**4/6 - 38*s**3/3 + 67*s**2/2 - 60*s - 2. Determine o(37).
-7
Suppose 8*d + 14 = 30. Let w(f) = 6*f + 13. Calculate w(d).
25
Let v(c) = c**3 - 4*c**2 - 6*c + 5. Suppose 0 = 10*g - 60*g + 250. Determine v(g).
0
Let k(c) = 11*c - 43. Let a = -8538 + 8543. Give k(a).
12
Let r(s) be the first derivative of -s**3/3 + 25*s**2/2 + 307*s - 7016. Calculate r(-9).
1
Suppose -5*q + 25 = -5*j, 5395*q + 19 = -j + 5398*q. Let p(h) = 5*h**2 - 19*h + 13. Calculate p(j).
-5
Let b(o) be the first derivative of -o**4/24 + 14*o**3/3 - 5*o**2 + o - 3. Let x(q) be the second derivative of b(q). What is x(0)?
28
Let c be (2/(-4))/((-52)/(-416)) + 7. Let n(a) be the second derivative of -19*a + 1/2*a**3 - c*a**2 + 0. What is n(6)?
12
Let n(c) = -23 - 12 - 13 - 2*c. Let p be n(-20). Let z(o) = 4*o**2 - 4*o + 5. Let g(i) = 3*i**2 - 5*i + 4. Let h(k) = 5*g(k) - 4*z(k). Determine h(p).
8
Let u be (4/(-4) - 0)/1 + -4. Let q be 5*(u/(5/4))/(-4). Let g(c) be the first derivative of c**4/4 - 5*c**3/3 - 3*c**2/2 - 53. What is g(q)?
-15
Let s(o) = -333*o**3 - 3*o + 111*o**3 - 6*o**2 + 559*o**3 - 5*o - 5 - 336*o**3. What is s(7)?
-12
Let j(d) = 278*d + 12523. Let y be j(-45). Let w(i) = -2*i**2 + 45*i - 244. Determine w(y).
3
Let w be 49/(-14) - -4 - 27/(-6). Suppose -t - 1 = 5*m, -w*t + 6*m = m + 5. Let q(i) = 5*i**3 - 2*i - 1. Calculate q(t).
-4
Let g be -3 + 5 - (0 - -3). Let l be g/(-2) - 351/(-78). Let y(v) = -3*v + 5. Give y(l).
-10
Let q(b) = -31*b**2 + 3*b - 2. Let o(d) be the third derivative of -3*d**5/5 + d**4/6 - d**3/3 + 3*d**2 + 3. Let u(y) = -6*o(y) + 7*q(y). Determine u(-4).
-6
Let k(v) = 80*v - 175*v + 12 + 82*v + v**3 - 8*v**2. Let c be (-679)/(-77) + (-27)/33 + 1. Give k(c).
-24
Suppose 12 - 741 = -91*k + 363. Let u(d) = -d**3 + 12*d**2 + 11. Determine u(k).
11
Let d be -1*1 + 36/(-90)*-40. Let q(r) be the first derivative of d - r - 1/2*r**2. Determine q(-5).
4
Suppose -47*s + 5*s - s = 516. Let o(a) = a**3 + 11*a**2 - 15*a - 54. Determine o(s).
-18
Let o(h) = -h + 7. Let m be (-3)/((-28)/8 - -4). Let l(c) = 3*c + 24. Let d be l(m). Let s be (-20)/d*(-6)/5. Determine o(s).
3
Suppose 4*x + 5*a - 2*a + 9 = 0, -5*a = -5*x - 20. Let h(q) = 5*q**2 + 4*q + 13. Let z be h(x). Let t(m) = -89 + z - 4*m + 44. Calculate t(5).
-19
Let b(q) = q**2 - 27*q + 91. Let m be b(23). Let v(y) = -235*y**2 - 20*y**3 + 112*y**2 - y + 121*y**2. Give v(m).
19
Let n(k) = -201*k - 378. Let h(r) = 67*r + 132. Let u(v) = -7*h(v) - 2*n(v). Give u(-3).
33
Let p(o) = -7 - 15*o - 4*o - 4*o + 23*o + 3*o. Let l(m) = -3*m. Let r be l(2). What is p(r)?
-25
Let t(q) = 12 + 38 - 71 + 2*q**2 + 10*q. Give t(-7).
7
Let n(i) = i**3 + 32*i**2 + 28*i + 82. Let f(r) = -2*r**3 - 67*r**2 - 56*r - 166. Let d(w) = -2*f(w) - 5*n(w). Calculate d(-25).
-3
Let y(g) be the third derivative of g**6/120 - 7*g**5/30 + g**4/4 - 25*g**3/6 - 5*g**2 + 95*g. Calculate y(14).
59
Let y(g) = 82*g + 9. Let q(h) = -27*h - 2. Let w(f) = 3*q(f) + y(f). Let k(o) = 3*o**2 - o - 1. Let c be k(-1). Calculate w(c).
6
Let u(c) = c**3 + 2*c**2 - 80*c + 1. Let i be u(8). Let m(w) = 2*w**2 - 2*w. What is m(i)?
0
Let v(d) = d - 15. Let g(w) = w**3 + 9*w**2 - 14. Let p be g(-9). Let m(x) = x**2 + 13*x - 11. Let b be m(p). Let q = b + -3. Calculate v(q).
-15
Let t(l) = -l - 2. Suppose a = -3*o - 504, 4*o - a = -4*a - 667. Let x = o + 165. Calculate t(x).
2
Let c = -77 + 319. Suppose y = -c + 235. Let v(g) = g**3 + 7*g**2 - g - 11. Calculate v(y).
-4
Let m be (0 - -1)*-1 - 0. Suppose -3*t + 2*k + 14 = 0, k + 2 = 5*t - 12. Let x(v) = 2*v + 6*v**t - v - 2*v. Calculate x(m).
7
Suppose -o + 18 = 5*o. Let r(t) = -19*t - 22*t + 44*t - o. Suppose 10 = 2*h + 4. What is r(h)?
6
Let v(j) be the first derivative of 3/2*j**2 + 38 + 38*j - 1/12*j**4 - 1/6*j**3. Let u(l) be the first derivative of v(l). What is u(-3)?
-3
Let x be (-989)/(-2) + (-9)/2 + 3. Let d = x + -481. Let b(r) = -r**2 + 14*r - 22. Determine b(d).
2
Let l(a) = -a**2 + 6*a + 10. Let w(j) = -3*j**2 + 24*j + 7. Suppose 0 = -r - 76 + 84. Let h be w(r). Determine l(h).
3
Let c be 94/16 + (-16)/(-128). Let n be (-1 - c/(-9))*(-2 + -1). Let t(i) = 1 + i**3 - i**2 - 4*i - 3 - i**2 + n. What is t(3)?
-4
Let p(b) = -b**3. Let z(h) = -h**3 - 4*h**2 - 5*h - 1. Let q(l) = 2*p(l) - z(l). Suppose -5*y + 1511*r = 1513*r - 33, -2*r - 7 = -3*y. What is q(y)?
1
Let k = 481 + -454. Suppose -y - 17 = -2*r, r - 4 = -4*y - k. Let v(p) = 2*p - 7. Give v(y).
-21
Let o(v) = 5*v - 19. Let c(h) = h**2 + 45*h - 3650. Let l be c(-87). Give o(l).
1
Let g = 205 - 131. Let c = -67 + g. Suppose 0*v = -c*v - 28. Let x(f) = -6*f - 6. Determine x(v).
18
Let v(a) be the second derivative of -a**3/3 + a**2 + a. Let o be v(3). Let s(b) be the second derivative of b**4/12 - 5*b**2/2 + 4620*b + 1. Calculate s(o).
11
Let r(v) = -6*v**2 + 35*v + 10. Let w be r(6). Let p(g) be the second derivative of -1/12*g**w + 0 - 7/6*g**3 - g**2 + 16*g. Determine p(-6).
4
Let r(w) = 2*w**3 - 36*w**2 + 37*w - 45. Let z be r(17). Let u(m) = 7*m - 32. What is u(z)?
10
Let m = -1565 + 1559. Let y(s) = -s**2 - 13*s - 50. Determine y(m).
-8
Let a(z) = 25*z - 92. Suppose -10*h + 15*h = -4*k + 40, 3*h + 3*k = 27. What is a(h)?
8
Let c(d) = d**2 - 3*d - 16. Suppose -159 = -i + 54*i. Determine c(i).
2
Let p(j) = j**2 - 10*j + 10. Suppose 0 = 2*f - 2*h - 264, 2*h - 665 = -5*f + 6*h. Let w = f - 129. Calculate p(w).
-6
Suppose 13 = a - 4*z, -3*z = 5*a + 4 - 0. Let l(y) = -2*y**3 - 6*y + 4*y**2 + 17*y + 0 + a - 7*y + 3*y**3. What is l(-3)?
-2
Suppose 2*s + 0 + 4 = 0, -14 = 2*w - s. Let g(p) = -787*p - 18. Let m(a) = -363*a - 8. Let t(x) = 6*g(x) - 13*m(x). What is t(w)?
20
Let j(m) = -312 - 313 - 302 + 1232 + 23*m + m**2 - 311. Determine j(-23).
-6
Suppose -3*z - 2*c + 22 = 4, -4*z - 3*c = -25. Let g(o) = 7 + 1 - 2*o - z + o. Suppose 9*m = 12*m. Give g(m).
4
Let a(x) = -23*x - 12. Let l be -5 - (0 + -5)*(1410/75 - 18). Calculate a(l).
11
Let o(n) = -17*n + 15. Let f(w) = -15*w + 16. Let v(q) = -5*f(q) + 4*o(q). Give v(8).
36
Let p(y) = -y**2 - 26. Let x(s) = -48*s**2 - 367*s + 145. Let u be x(-8). Calculate p(u).
-107
Let i be 70/595 + 247/(-221). Let q(a) = 85*a + 5. Give q(i).
-80
Let y(b) be the third derivative of 5*b**4/24 - b**3/6 + b**2 - 14*b. Let h(q) = -2*q + 41. Let m be h(20). Determine y(m).
4
Suppose -2*w + 10 = -i + 8, -3*i + 21 = 3*w. Let s(x) = -x + x**2 + 0*x - 2 + 8576*x**3 - 8577*x**w. Let c be (-4)/(-6) - 2/3. What is s(c)?
-2
Let d(j) = 0 + j + 0. Suppose 56 + 35 = 13*g. Suppose 0 = -v - g + 2, -11 = t + v. Determine d(t).
-6
Suppose -6 = 6*g - 12*g. Let n(b) = 33*b**2 - 1. Determine n(g).
32
Let j(a) be the first derivative of a**3/3 + 3*a**2/2 + 3*a - 1. Let s be j(-3). Let p(u) = 2 + 0 + 1 - 11*u**2 + s*u + 10*u**2. What is p(3)?
3
Let g(n) = 5*n**2 + 4*n - 2. Let y(d) = -6*d**2 - 3*d + 3. Suppose -6*i = -1477 + 4441. Let s be (-1)/(-4) + i/(-104). Let k(t) = s*g(t) + 4*y(t). Give k(-3).
-13
Let t be 3/(-2 - 1) + 4. Suppose -25*f = -t*f - 198. Let o(v) = v**3 - 8*v**2 - 9*v - 2. What is o(f)?
-2
Let l(j) = j**3 + 19*j**2 + 76*j - 28. Let b be l(-13). Let z(r) = 6*r - 2. Let d(n) = -3 + 3 + 2 - 1. Let s(u) = -d(u) - z(u). Calculate s(b).
13
Let a(g) = g**3 + 5*g**2 - 3*g - 7. Suppose -16 = -r + 8. Let c be 6/r + 289/(-4). Let j = c - -67. What is a(j)?
8
Let q(x) = 19*x**2 + 78*x + 2*x**3 + 1 + 10 - 5 - 69*x. Calculate q(-9).
6
Let c(r) = 20*r - 55. Let i be c(3). Let o(p) = 2 + i - 26*p + p**2 + 3 + 19*p. What is o(4)?
-2
Let j(d) = 5*d**3 + d**2 - 11*d +